 divided by 13?
8
Let l = 8165 + -8131. Calculate the remainder when 1864 is divided by l.
28
Let l = 30 - 78. Let s = 71 + l. Suppose 5*f - 3 - 72 = 5*r, -6 = 3*r. Calculate the remainder when s is divided by f.
10
What is the remainder when 149 is divided by -5 + 8/(-64)*-88?
5
Suppose 199 = t - 2*x, 5*t + 0*t = -4*x + 925. Suppose 0 = 40*g - 31*g - t. Calculate the remainder when 163 is divided by g.
16
Suppose -11621 = -128*y + 7074 + 377. Calculate the remainder when 4616 is divided by y.
146
Suppose 16 - 4 = m + 2*o, 5*m = 4*o - 10. Suppose 45 = g + m*c, 0 = 3*g - 3*c + 71 - 224. What is the remainder when g is divided by 17?
15
Suppose -332*f + 14763875 = -45*f + 5104029. Calculate the remainder when f is divided by 34.
32
Suppose -245*u + 44*u + 682 + 2735 = 0. Calculate the remainder when 23900 is divided by u.
15
Let f be -4 - ((4 - 2 - 1) + 246). Let a = f + 257. Calculate the remainder when a is divided by 2.
0
Let w be ((-8)/(-20))/(2/95). Let x = w - -86. What is the remainder when x is divided by 37?
31
Suppose 0 = 4*i - 5*d + 692, 5*i - 4*d + 369 = -496. Let y = 179 + i. Calculate the remainder when 40 is divided by y.
4
Let x = 25 + -29. Let c(o) = 5*o + 47. Calculate the remainder when c(x) is divided by 23.
4
Let t(o) = -o**2 + 6*o + 31. Let v be t(11). Let z(w) = -w**2 + 12*w - 2. What is the remainder when 32/(-12)*756/v is divided by z(10)?
12
Suppose -823 = -44*y - 603. Suppose 0 = 2*p - 4*p - 16. What is the remainder when 7 is divided by (3 - y)/(p/12)?
1
Suppose -13*x + 31*x - 90 = 13*x. What is the remainder when (80/(-25))/(8/(-220)) is divided by x?
16
Suppose 4*q + 1 = 3*v + 20, 3*q = -2*v + 10. Suppose -d + 24 = -q*d - r, 4*r = -12. Calculate the remainder when 102 is divided by (-5 - d/2)/(3/(-26)).
11
Let q = 7830 + -6822. What is the remainder when q is divided by 227?
100
Let l(u) = -48*u + 300. Let p be l(5). Suppose -p - 190 = -d - 2*i, -i + 497 = 2*d. Calculate the remainder when d is divided by 25.
23
Suppose 0 = -8*r - 46 - 34. Let k(v) = v**2 - 29*v - 382. Calculate the remainder when 110 is divided by k(r).
6
Let b be (0 - 1)/(4/(-8)). Suppose 22 = b*l - 0. Suppose 90 = 27*g + 10 - 1. Calculate the remainder when l is divided by g.
2
Suppose -19256 - 28006 - 6540 = -49*r. Calculate the remainder when r is divided by 8.
2
Let v(g) = 19*g - 256. Let t be v(20). Suppose -t = -11*c + 96. Calculate the remainder when 78 is divided by c.
18
Suppose -26 = -5*m - s, 0*s + s - 1 = 0. Suppose 3*k + 2*a - 417 = -a, 2*a = m*k - 723. Calculate the remainder when k is divided by 51.
41
Suppose -2*b = -2, -b + 4549 - 540 = 4*f. Calculate the remainder when f is divided by 56.
50
Let j(x) = x**3 + x**2 + x + 1. Let i(g) be the first derivative of -5*g**4 - 5. Let r(o) = i(o) - j(o). What is the remainder when 54 is divided by r(-1)?
14
What is the remainder when 2120 is divided by 1997/15 - (-6)/(-45)?
125
Suppose k = -7*s + 9*s + 18, -5*k - 5*s + 30 = 0. Suppose -46*a + 1008 = -k*a. What is the remainder when 697 is divided by a?
25
Let b = -24 - -37. Let v(p) = p**3 - 12*p**2 - 14*p + 33. What is the remainder when 2 + (2 - (-54 - -1)) is divided by v(b)?
17
Let h(f) = 13*f**2 + 952*f - 4732. Calculate the remainder when h(5) is divided by 7.
3
Let n(g) = -2*g - 22. Let f be n(-12). Suppose i - 345 = -f*i. Suppose 0*m = -7*m + 63. Calculate the remainder when i is divided by m.
7
What is the remainder when (-3)/2*(4 + (-1611)/27 + 11) is divided by 5?
2
What is the remainder when 441 is divided by (17710/308)/(5/12)?
27
Suppose 2*t + 3 = 4*w + 33, -4*w + 15 = 3*t. Calculate the remainder when 5768 is divided by t.
8
Let o = 2140 + -1820. Calculate the remainder when o is divided by 107.
106
Suppose 4*p - 1872 = 4*u, -1147 - 1163 = -5*p - 5*u. Calculate the remainder when p is divided by 96.
81
Let b = -3601 - -3605. What is the remainder when (-17)/(1*(-2)/6) is divided by b?
3
Let i = -8 + 13. Suppose 5 + 13 = -6*t. Calculate the remainder when ((-19)/t)/(32/6 + -5) is divided by i.
4
Let q = 11515 - -2089. What is the remainder when q is divided by 14?
10
Suppose -5*b - 1281 = -61. Let y = 288 + b. Calculate the remainder when 154 is divided by y.
22
Calculate the remainder when 194 is divided by (11*600/(-1760))/((-10)/432).
32
Let q(a) = a**2 - 1217*a - 8471. What is the remainder when 4169 is divided by q(-7)?
95
Let q = 43 - 39. Suppose -2*z = 1 + 1, z - q = -5*j. Calculate the remainder when 12 is divided by -3*((-2)/j + (-3)/9).
5
Let n(d) = 2*d**2 + 4*d + 75. Calculate the remainder when n(-21) is divided by 12.
9
Let k = 22 - -1. Suppose 3*b - 283 = -5*j, -68 = -5*j + 2*b + 235. What is the remainder when j is divided by k?
13
Let t = -385 + 437. Let y = 329 + -296. Calculate the remainder when t is divided by y.
19
Suppose -h - y = 260, 5*h - 4*y - 645 = -1900. Let f = 295 + h. What is the remainder when 172 is divided by f?
12
Suppose -5*g = 5 - 70. Let f(k) = k**2 - 10*k - 33. Calculate the remainder when f(g) is divided by 6.
0
Let o = -9921 + 10369. Calculate the remainder when o is divided by 21.
7
Let u = -657 - -1386. Calculate the remainder when u is divided by 16.
9
Let h(k) = 11*k + 2. Suppose -9*g + 168 = -a, -789*g + 5*a = -794*g + 60. Calculate the remainder when h(5) is divided by g.
3
Let y = 47 - 92. Let d be (27/2)/((y/(-20))/9). Let h = d - 47. Calculate the remainder when 24 is divided by h.
3
Let n = -175 + 334. Let v = 224 - n. What is the remainder when v is divided by 6?
5
Suppose -171545*n + 171576*n - 47306 = 0. Calculate the remainder when n is divided by 59.
51
Suppose -32*u - 4524 = -11468. Let m = 75 + -37. Calculate the remainder when u is divided by m.
27
What is the remainder when 11871 is divided by (-28*(-5)/(-25))/((-32)/160)?
27
Let x = 173 + -165. Suppose 7*z = 8*z - x. Calculate the remainder when 70 is divided by z.
6
Suppose -2*q - x + 391 = -356, 4*x = -5*q + 1863. What is the remainder when 1321 is divided by q?
196
Let y = -173 + 465. What is the remainder when y is divided by 69?
16
Let n = -25 + 49. Suppose 3*p - n = -i, -i - p = -12 - 2. Calculate the remainder when 41 is divided by i.
5
Suppose -898 = -p + 4*c, 82*c - 80*c - 2624 = -3*p. Calculate the remainder when p is divided by 147.
143
What is the remainder when (20 + 155467/(-26))*(-24)/9 is divided by 18?
16
Let b = -900 + 906. Suppose -4*c + 5*g + 70 = 2*g, c + 5*g - 29 = 0. What is the remainder when c is divided by 4 - ((4 - b)*2 - 2)?
9
Suppose -3*c + 288 = -3*j, -3*c + 4*j - 2543 + 2836 = 0. Calculate the remainder when c is divided by 2/((-1)/(5/(-2))).
1
Let h = 5 + 0. Suppose h*x + 224 = o, -x - 41 = o - 5*o. Let z = 123 + x. What is the remainder when z is divided by 8?
6
Let j(d) = d**2 + 12*d - 72. What is the remainder when 75 is divided by j(-17)?
10
What is the remainder when 971 is divided by (-1)/(15988/(-1064) - -15)?
21
Let g be 6*3/(-6) + (-12 - -1). What is the remainder when 92 is divided by (-1212)/g - ((-36)/7)/(-9)?
6
Suppose 0*g + g - 4 = 0, -111 = -q + g. Suppose i + 71 - 260 = -4*z, -3*z + 3*i = -153. Suppose 0 = -5*c + 17 + z. What is the remainder when q is divided by c?
11
Let i(p) = p**3 - 11*p**2 + 13*p - 6. Suppose 3*d = 219 + 210. What is the remainder when (1 + -4)*d/(-3) is divided by i(10)?
23
Let d(i) = 420*i**2 + 2. Let g be d(1). Suppose -5*l + 5*v = -430, 5*l + 3*v = 4*v + g. Calculate the remainder when l is divided by 16.
4
Suppose -18*m + 20*m + 3*d = -4, -3*m = 4*d + 6. Calculate the remainder when 23 is divided by (4 - 150/12)*m.
6
Suppose 0 = 5*p + 4*x - 36, 3*x - 42 = -5*p + 5*x. Suppose -425 = -4*w + 5*r, 2*w - p*r = -5*r + 213. What is the remainder when w is divided by 24?
9
Let s(u) = -u**3 - 7*u**2 + 4. Let y be s(-7). Suppose -5*d = -y*g - 139, -g - 18 - 118 = -5*d. What is the remainder when 73 is divided by d?
19
Let y = 4356 - 4343. What is the remainder when 44 is divided by y?
5
Suppose 3*c = -i + 570, 5*c - 12*i - 954 = -15*i. Calculate the remainder when c is divided by 66.
57
Let x(r) = r**3 - 87*r**2 + 704*r + 19. What is the remainder when (8 + -1 + 2)*18 is divided by x(9)?
14
Calculate the remainder when 933 is divided by ((-4)/(-8) - (42 + -40))*640/(-6).
133
Suppose -m + 1017 = -g, -1033 = -m - 33*g + 36*g. What is the remainder w